uppose -5*a - n = -3*n - 29, -3*a - n = -w. What is the highest common factor of 25 and a?
5
Suppose p - 4*p = -78. Suppose 3*g + 19 - 1 = 4*z, 2*z + 6 = 0. Let k = p - g. Calculate the greatest common divisor of 24 and k.
12
Let h = 11696 + -11662. What is the greatest common divisor of 2193 and h?
17
Suppose 2*k - 11 - 2 = 3*r, 3*r = 5*k - 28. Suppose 3*o - 4*n = 12, -k*n = -4*o + 18 - 2. Calculate the greatest common divisor of 108 and o.
4
Suppose -3*z = 3*l + 1 + 8, -3*z = -5*l + 33. Calculate the greatest common divisor of 96 and l.
3
Let f be (-2)/(-6) - 8/(-3). Suppose -f*b + 138 = -141. Let r(y) = 5*y**2 - 1631*y - 25559. Let n be r(-15). What is the highest common divisor of b and n?
31
Suppose -95*z = -142*z - 150 + 1560. What is the greatest common factor of z and 1095?
15
Let a(g) = 80*g**2 + 2*g - 3. Let z be a(1). Let p = z + -49. Calculate the greatest common factor of 10 and p.
10
Let m be (-1926)/4*670/(-603). What is the greatest common factor of m and 2354?
107
Let u be ((-1)/(-3))/(4/(-12)). Let t(r) = 30*r**2 + 4*r + 3. Let j be t(u). What is the greatest common factor of j and 232?
29
Suppose 5*f - 95 = -2*a, 0 = 2*a - 3*f - 0 - 39. What is the highest common factor of 525 and a?
15
Suppose 2*d + 2 = -2*v - 8, -4*d = -v - 10. Let f be (-1)/(-2) - 27/v. Suppose -f*y + 4*y + 14 = 0. Calculate the highest common factor of 35 and y.
7
Let a be -6 - 0/(8/(-4)). Let u be (-7 - -8)*a/(-1*2). Suppose -u*z + 45 = -0. What is the highest common factor of 5 and z?
5
Suppose -248 = -4*a + 2*n, -3*a + 159 = -n - 25. Suppose 101*j = 23*j + 11439 - 3015. What is the greatest common factor of a and j?
12
Let d = -2241 - -4409. Calculate the highest common factor of d and 8.
8
Let r(u) = -u**3 + 8*u**2 - 15*u + 7. Let b be r(4). Suppose 2*y + 0*q + 2*q - 4 = 0, -2*y = 5*q + b. Calculate the highest common factor of y and 35.
7
Suppose 4*y = -4*d + 24, -6*y + 3*y - 5*d + 24 = 0. Suppose 59 - 71 = y*v. Let q be v*1/(-8) - 177/(-6). What is the greatest common divisor of q and 75?
15
Let n = -454 + 460. Let l be (64/2)/(4 + (n - 9)). What is the greatest common divisor of l and 48?
16
Suppose 4*z + 4*k - 59 = 157, -2*z = 3*k - 110. Let a be 10652/z + (-2)/(-13). Let c be 1 + -1 + 82/1. What is the greatest common divisor of c and a?
41
Let v = 829 + -801. Let p be 282/v - 13/182. What is the greatest common divisor of p and 15?
5
Let w be ((-16)/(-1))/((-6744)/(-480) - 14). Calculate the highest common factor of w and 50.
10
Suppose -7*o - 2082561 = -46*o. What is the greatest common factor of 67 and o?
67
Let h be (-2 + 44/12)*24 + -1. Let n = h - 31. Suppose 0*j - n*j = -512. Calculate the greatest common factor of 160 and j.
32
Let f be (14/21)/(1/(-3)) - 45. Let o = f + 47. Let a(d) = d**3 + 15. Let q be a(o). What is the greatest common factor of q and 30?
15
Let z be ((-6)/70)/((-115)/1150)*(247 - 2). Calculate the greatest common divisor of 4890 and z.
30
Let z be ((-171)/27)/((-4)/444). Calculate the greatest common factor of z and 148.
37
Let u(s) = -2*s**2 - 11*s + 9. Let p be u(4). Let d = p - -66. Let v be 0/d - (-189)/7. Calculate the greatest common divisor of 3 and v.
3
Let z(i) = i - 11. Let q be z(30). Let d(b) = 2*b**2 - 17*b - 99. Let u be d(q). What is the greatest common factor of u and 120?
60
Suppose 157 + 99 = 8*r. Suppose r*z - 999 = 5*z. Calculate the greatest common divisor of 2 and z.
1
Let a = 829702 - 828896. Let z(i) = -i + 26. Let f be z(0). Calculate the highest common factor of a and f.
26
Suppose -12*b + 92 + 676 = 0. Let v = b + -61. Calculate the greatest common divisor of v and 27.
3
Let y be (7/(-2))/(((-161)/(-8694))/(0 + -1)). Calculate the greatest common divisor of 1092 and y.
21
Let s = -12361 - -12396. What is the greatest common divisor of s and 33?
1
Suppose 3*l - 3*t = 1047, -4*l + 750 = -t - 658. Let j = l + -273. What is the highest common divisor of 20 and j?
20
Let z be (-2 - -855) + (0 - 2). Let p(a) = 79*a + 3183. Let w be p(-40). What is the greatest common divisor of w and z?
23
Let n(r) = -r**3 - 16*r**2 - 31*r - 2. Let p be n(-14). Suppose 29 = 3*b + a - 165, 4*a = -b + 72. Calculate the highest common factor of b and p.
8
Let u(a) be the third derivative of -a**4/8 + 9*a**3 + 138*a**2. Let x be u(4). What is the highest common factor of 105 and x?
21
Let a(i) = -i**2 + 9*i + 41. Let n be a(12). Let k be ((-1)/(-1))/(((-40)/(-1296))/n). What is the highest common factor of 243 and k?
81
Suppose 10*z - 16*z = -132. Let y be z/(-9)*-3 + (-8)/24. Suppose 6*t - 2*h - 94 = 2*t, -t - 4*h = -1. What is the highest common divisor of y and t?
7
Let n be 5/(60/702)*(-8)/6. Let m = n + 87. Suppose -84 = -12*j + m*j. Calculate the highest common divisor of 8 and j.
4
Let c be 2786/3 - (-984)/738. What is the greatest common divisor of 60 and c?
30
Let d = -1258473 + 1259289. Let x = -48 - -80. Calculate the highest common factor of x and d.
16
Let l(p) be the second derivative of 11*p**3/3 + 69*p**2 - 66*p. Let g be l(-4). Calculate the highest common factor of g and 6.
2
Let w(m) = m**3 - 4*m**2 + 5*m + 8. Let n be w(-5). Let g be -1*((-8)/(-14) - n/(-7)). Calculate the greatest common divisor of g and 119.
17
Let n be 154/4 - 9/18. Let a = -83 - -88. Suppose 7 = a*q - n. What is the highest common factor of 27 and q?
9
Suppose 228*p = 135*p + 114*p - 588. What is the highest common divisor of 324 and p?
4
Let b be (-244)/(-183) + -1 + (-22)/3. Let f be b/2*(-312)/91. What is the highest common divisor of f and 168?
12
Let a be 3335438/2059 + 2/29. Suppose 121*x = 109*x + a. Calculate the greatest common divisor of x and 180.
45
Suppose 78 = 13*m - 338. Calculate the greatest common factor of m and 1072.
16
Let w = 306 - -496. Let n = w + -365. Calculate the greatest common factor of n and 19.
19
Let a(c) = -8*c - 1. Suppose -2*v + 1 = 5. Let h be a(v). Let u be (315/(-6))/((-16)/32). What is the highest common factor of u and h?
15
Let a be (-24)/(6/64*-1) - (-340)/85. Calculate the greatest common divisor of a and 220.
20
Let f be ((-200)/32 - 7)*-8. Calculate the highest common divisor of f and 1643.
53
Let i(u) = 179*u + 118. Let f be i(-2). Let g = f + 515. Calculate the highest common factor of g and 75.
25
Let d(r) = -r**2 + 10*r + 15. Let f(c) = 9*c**2 + c - 1. Let w be f(-3). Let p = w + -71. Let y be d(p). Calculate the highest common factor of y and 26.
13
Suppose 2*p = 117*p - 11896 - 10069. What is the greatest common divisor of p and 31133?
191
Let a(v) = 95*v - 288. Let o be a(5). Calculate the highest common factor of o and 77.
11
Let o be 1*8 + (-2 - (-2)/(-5)*-5). Calculate the greatest common divisor of 216 and o.
8
Suppose -274*d = 144*d - 23408. Suppose -v - 3*v + 44 = 5*g, 35 = 4*g + 3*v. What is the greatest common factor of d and g?
8
Let c = -1241 - -2028. Suppose -h - 3*g + 143 = 0, 2*h - 7*h + 3*g + c = 0. Calculate the greatest common factor of 217 and h.
31
Suppose 462 + 638 = -343*o + 365*o. Let z(w) = 16*w**2 + 3*w + 6. Let r be z(-4). What is the greatest common factor of o and r?
50
Let z(f) = -f**2 + 20*f - 3. Let o be z(14). Suppose 0 = 5*d - o + 31. Let v(j) = 4*j - 26. Let r be v(d). What is the highest common factor of r and 28?
14
Let y be 23/((-391)/170)*-1*4. Calculate the highest common divisor of y and 676.
4
Suppose -5*h - 3*r = -2*r - 672, 2*h - 2*r = 276. Calculate the highest common divisor of 11394 and h.
27
Let u(y) = y**3 + 6*y**2 - 29*y - 9. Let j be u(-9). Calculate the greatest common factor of 3303 and j.
9
Suppose -20*d + 5976 = 2181 - 4205. What is the highest common factor of 325 and d?
25
Let w(g) = -21*g**2 - 2881*g + 188. Let u be w(-137). What is the highest common factor of u and 8188?
92
Let t(z) = z - 12. Let r be t(2). Let i be 3/(-3 - 36/r). Suppose -i*o + 2 = -88. What is the greatest common divisor of o and 90?
18
Let n(m) = 4897*m**3 + 2*m**2 + 34*m - 35. Let l be n(1). What is the greatest common divisor of l and 1106?
158
Let i(h) = h + 12. Let o be i(-8). Suppose -21 + 13 = -o*l. Suppose -11 - 21 = -5*n + l*s, 0 = -5*s - 5. Calculate the greatest common factor of n and 2.
2
Let y be (188 - 152)*((-196)/6)/(-1). What is the highest common divisor of y and 96?
24
Let m = -4590 + 4596. Let v = 11 + 5. Calculate the highes